+ 411681 = 4*j - 40301, 0 = 4*s - 2*j - 361622. What is the thousands digit of s?
0
Suppose 7*i - 39 = -11. Let l be -2 - 1*-632*i/(-8). Let z = l - -462. What is the hundreds digit of z?
1
Let n = 11591 - -4947. What is the tens digit of n?
3
Let b = 2768 + -1888. Suppose 9*n - k - 43 = 8*n, -2*n = 4*k - 62. Suppose n*i - 31*i - b = 0. What is the units digit of i?
0
Let q(m) = 22*m**2 + 2*m. Let v(n) be the second derivative of -n**3/2 - n**2/2 - 9*n. Let g be v(-1). What is the units digit of q(g)?
2
Let q = 15398 - 2250. What is the hundreds digit of q?
1
Let k(s) = 2*s**3 + s**2 + 11*s - 12. Let r be k(8). Suppose r = 5*j - j. Suppose 4*q - j - 171 = -3*c, 5*c - 107 = -q. What is the tens digit of q?
1
Let g(h) = h**2 - 8*h - 9. Let l be g(10). Suppose l*t = 7*t + 276. What is the tens digit of t/(-2)*(0 - (-2)/(-3))?
2
Let r be (9/(-6))/(-1*(-3)/(-8)). What is the tens digit of (r - 870/(-18))*6?
1
Suppose -3*y + 17*q = 18*q - 23047, 0 = 5*y + q - 38407. What is the tens digit of y?
8
Let i be (5/5 + 22)*1. Let f(c) = 2*c**2 - 51*c - 2. Let r be f(26). Suppose r*u - 51 = i*u. What is the units digit of u?
1
Let i = 20463 + -15633. What is the hundreds digit of i?
8
Let a be 2 + -5 - -68 - 4. Let h = a + -50. Let o(z) = z**2 + 2*z - 3. What is the tens digit of o(h)?
4
Suppose 5*z - 108090 = 5*n + 81900, n = -4*z + 151977. What is the units digit of z?
5
Let o(g) = 24*g**2 - 78*g + 392. What is the units digit of o(6)?
8
Suppose 11*l - 6*l - 4*l = 8961. What is the units digit of l?
1
Suppose -163*h - 23*h + 549676 + 232826 = 0. What is the tens digit of h?
0
Let f(w) = -108*w - 3. Let o be f(-2). Let g = -32 - -34. Suppose g*a - o = -37. What is the tens digit of a?
8
Suppose 24*r = 31*r + 21. Let x be r/(3/(-92)) + -3. Let y = x + -62. What is the tens digit of y?
2
Suppose 0 = -3*w + 22 + 56. Let g be w - ((-20)/(-35) - (-4)/(-7)). Let k = 86 + g. What is the hundreds digit of k?
1
Let w(s) be the third derivative of 7*s**4/24 - 6*s**3 - 9*s**2. Let y be w(6). Let c(x) = -x**2 + 15*x - 15. What is the tens digit of c(y)?
3
Suppose 8*v + 0 = 80. Suppose 0 = -o + 4*j + v, -4*o - 3*j = -16 - 5. What is the units digit of (o/(-15))/((-4)/380)?
8
Let p = 45 - 40. Let v be ((-30)/p)/((-3)/(-2)). What is the tens digit of (-1 - 13)*22/v?
7
Suppose 0 = 2*c - 5*u + 14, -u - u + 77 = -5*c. What is the tens digit of (c - 11)*9/(-3)?
8
What is the units digit of -2 + 1*(0 - -8162)?
0
Suppose 0 = -36*j + 743512 - 204160. What is the units digit of j?
2
Let d(s) = -s**3 + 9*s**2 + 8*s + 24. Let l be d(10). Suppose 2*v + l*f + 1 = 3*v, 16 = -5*v - f. What is the tens digit of (-131*v/(-6))/((-3)/6)?
3
Let m(c) = c + 11. Let n be m(-9). Suppose -r = 2*r - 3*a - 5724, -n*a + 5744 = 3*r. What is the units digit of r/32 - ((-30)/(-8))/5?
9
Suppose -b + 4*v - 32624 = -6*b, 19568 = 3*b - 4*v. What is the hundreds digit of b?
5
Let n = 41 - 36. Suppose 0 = -n*t + 4*j + j + 110, -3*t + 4*j + 64 = 0. Let l = t + 7. What is the tens digit of l?
3
Let k = -369 + 657. Let j be (0 - 0)/(3 + 1). Suppose 5*d + 3*r - r - 494 = j, -k = -3*d + 3*r. What is the units digit of d?
8
Let o = 8735 + -4233. What is the tens digit of o?
0
Suppose q = -3 - 0. Let c be (q/(3/2))/((-2)/4). Suppose -c*g + 426 = g + l, -2*l - 8 = 0. What is the units digit of g?
6
Let f(z) = -171*z - 14 - 6 - 223*z. What is the units digit of f(-2)?
8
Let s be 620/(-24) - (-1)/(-3 + -3). Let z = 29 + s. Suppose -i - z*v = -19, i - 5*v = -35 + 94. What is the tens digit of i?
3
Let t be 170/(-4)*3808/(-140). Suppose -8*c + 12*c = t. What is the units digit of c?
9
Let f be 0 + (-3695)/(-10) - 3/2. Suppose 4*u - f = -356. Let k(v) = 35*v + 9. What is the units digit of k(u)?
4
Suppose 0 = 4*f + 5*b - 18, -2*f + b = 5*b - 6. Suppose 0 = f*v - 10*v - 39. What is the units digit of -14 - v - 86/(-2)?
2
Let i(r) = 551*r. Let m be ((-8)/20)/((-5)/25). Let c be i(m). What is the hundreds digit of (-13)/(-39) - c/(-6)?
1
Let l(j) = 53*j**2 - 3*j + 34. What is the thousands digit of l(11)?
6
Let t(l) = -2 - 767*l**3 - 2*l**2 + 5 + 23*l - 6*l - 12*l. What is the hundreds digit of t(-1)?
7
Suppose -38*n + 11069404 = 330*n + 188*n. What is the tens digit of n?
0
Suppose -3*l - 2*x = -98335, 5*l - 222153 + 58303 = 5*x. What is the hundreds digit of l?
7
Suppose 0 = 23*r - 33*r - 10380. Let g = r - -2019. What is the tens digit of g?
8
Suppose 224 = 2*x + 2*x. Let g = -81 + x. Let c = -13 - g. What is the tens digit of c?
1
Suppose 33*f - 529380 = -15*f + 33*f. What is the hundreds digit of f?
2
Suppose -3871*i - 148393 = -3888*i. What is the hundreds digit of i?
7
What is the hundreds digit of 2486 + (6 - -6 - 8)?
4
Suppose 4*k + 50 = t + 2, -t = -k - 15. Let j(c) = c**2 + 12*c + 15. Let v be j(k). Suppose x + 3 - v = 0, 0 = 5*z - x - 469. What is the tens digit of z?
9
Let v be (-5 - -30) + 6/2. Suppose 39632 = v*k + 5528. What is the tens digit of k?
1
Suppose -i - 7 + 2 = 0, -2*r = i + 303. Let s = r - -593. What is the units digit of s?
4
Let j(q) = -q. Let l be j(-3). Let g be ((-28)/1)/((18/14)/(-9)). Suppose w = -l*w + g. What is the units digit of w?
9
Let v = 7748 + 3768. What is the thousands digit of v?
1
Let s(q) be the second derivative of 35*q**3/6 + 17*q**2 + 113*q. What is the hundreds digit of s(17)?
6
Suppose -3*f + 24 - 336 = 0. Let m = f - -106. Suppose -m*x - 732 = -4*c + 2*x, -4*x + 692 = 4*c. What is the units digit of c?
8
Suppose -2*v = -12 + 10. Let r(j) = j. Let t(x) = 11*x - 22. Let k(p) = v*t(p) + r(p). What is the units digit of k(7)?
2
Let g be (-1)/(25/(-210)) - (-8)/(-20). Suppose 0 = -4*s + 20, 5*k - g*s = -7*s + 2150. What is the units digit of k?
1
Suppose 3*a - 54 = -3*a. Suppose 4*i + y + a = 33, -3*i + 2*y = -18. Let r(z) = -z**2 + 7*z + 4. What is the units digit of r(i)?
0
Let i(r) = 40*r**3 - 16*r**2 + 76*r - 495. What is the tens digit of i(11)?
4
Suppose 14*j - 23 + 65 = 0. What is the hundreds digit of (j + (-42)/(-12))/((-1)/(-1338))?
6
What is the hundreds digit of -32 - -30 - (-3 + (4 - 19632))?
6
Let r(g) = 1342*g**2 - 100*g - 191. What is the hundreds digit of r(-2)?
3
Let x(d) = d**2 + 3*d - 4. Let t be x(1). Suppose -29*u + 31*u - 4 = t. Suppose -3*g + 7*z - 3*z + 428 = 0, -z = u. What is the tens digit of g?
4
Let p be (-336)/8 - 4/(-6)*-9. Let f(i) = -21*i - 11. Let h be f(-9). Let g = p + h. What is the tens digit of g?
3
Suppose -u - 5*j + 0*j - 12 = 0, -j = 4*u - 9. Suppose -5 - u = -4*y. Suppose -i = -1, -y*i - 175 = 5*v - 582. What is the units digit of v?
1
Let z(w) = 1526*w + 735. What is the tens digit of z(3)?
1
Let l(d) be the second derivative of d**3/6 + 45*d**2/2 + 6*d. What is the units digit of l(-22)?
3
Suppose -164 = 4*h - 136. Let m(r) = 6*r**2 - 7*r + 15. What is the units digit of m(h)?
8
Let o(q) = 5*q**2 - 2*q + 9. Let p(k) = 6*k**2 - 2*k + 10. Let d(i) = -7*o(i) + 6*p(i). Let y be d(-2). What is the units digit of 9*((-44)/(-12) - y)?
0
Suppose -5*k + 5*h = 20, -4*k = -8*k - h + 4. Suppose q + 2 - 13 = k. Suppose -7*y - 316 = -q*y. What is the tens digit of y?
7
Suppose -d = 5*q - 7 - 15, -12 = -3*d + 3*q. Suppose 2*u - d = -3. Suppose -4*b - b - 76 = -4*m, 28 = u*m - 5*b. What is the units digit of m?
4
What is the units digit of (-25 - -8261) + 2 + 1 + 0?
9
What is the ten thousands digit of 15/135 + (1280134/72 - 1/(-4))?
1
Suppose -9*q = 75 + 6. What is the tens digit of 13412/42 - 6/q?
2
Suppose -3*y - 9 = 7*x - 4*x, 0 = -4*y + 4. Suppose -t + 2 = 1. What is the tens digit of (-2 - (-15)/(-20))/(t/x)?
1
What is the thousands digit of 5*23/(-1035)*-422001?
6
Suppose 4*s - 2648 = 4*d, 20*s - 16*s - 5*d = 2654. What is the tens digit of s?
5
Suppose 2*w + 3*i - 2*i - 841 = 0, 0 = -3*w - 2*i + 1261. Suppose 81 = -2*v - 415. Let d = w + v. What is the units digit of d?
3
Let v(w) = w**2 + w. Let s(l) = -2*l**2 - 7*l - 113. Let n(m) = -s(m) - 3*v(m). Let u(o) = -o**3 + 6*o + 5. Let f be u(-1). What is the hundreds digit of n(f)?
1
Let z be 0 + (3 - 2/2). Let l be ((285/45)/19)/(1/9). Suppose 2 = z*a, -r + 14 = l*a - 8*a. What is the units digit of r?
9
Let x = -56579 + 96716. What is the hundreds digit of x?
1
Let s(r) = 22*r - 35. Suppose -5*m = -228 + 78. Suppose 3*l - 3*w - m = 0, -4*w - 35 = -2*l - l. What is the units digit o